{"id":2774,"date":"2013-05-08T17:27:55","date_gmt":"2013-05-08T15:27:55","guid":{"rendered":"http:\/\/www.vincenzopaglia.it\/cms\/?page_id=2774"},"modified":"2025-06-13T16:25:40","modified_gmt":"2025-06-13T14:25:40","slug":"vincenzo-paglia-esp","status":"publish","type":"page","link":"https:\/\/www.vincenzopaglia.it\/index.php\/vincenzo-paglia-esp","title":{"rendered":"Vincenzo Paglia"},"content":{"rendered":"<p><a style=\"float: left; padding: 0 10px 10px 0;\" href=\"http:\/\/www.vincenzopaglia.it\/wp-content\/uploads\/2010\/01\/DSC00818.jpg\"><img loading=\"lazy\" decoding=\"async\" class=\"alignnone size-medium wp-image-16866\" src=\"http:\/\/www.vincenzopaglia.it\/wp-content\/uploads\/2010\/01\/DSC00818-225x300.jpg\" alt=\"Decennale dell'episcopato\" width=\"210\" height=\"280\" srcset=\"https:\/\/www.vincenzopaglia.it\/wp-content\/uploads\/2010\/01\/DSC00818-225x300.jpg 225w, https:\/\/www.vincenzopaglia.it\/wp-content\/uploads\/2010\/01\/DSC00818-120x160.jpg 120w, https:\/\/www.vincenzopaglia.it\/wp-content\/uploads\/2010\/01\/DSC00818.jpg 270w\" sizes=\"auto, (max-width: 210px) 100vw, 210px\" \/><\/a>Naci\u00f3 en Boville Ernica (Frosinone \u2013 Italia) el 21 de abril de 1945, se licenci\u00f3 en Teolog\u00eda y en Filosof\u00eda en la Universidad Lateranense, y en Pedagog\u00eda en la Universidad de Urbino.<\/p>\n<p>Fue ordenado sacerdote el 15 de marzo de 1970 y desde 1981 a 2000 fue p\u00e1rroco de la Bas\u00edlica de Santa Mar\u00eda en Trast\u00e9vere en Roma; fue asistente eclesi\u00e1stico de la Comunidad de San Egodio y es el postulador de la causa de beatificaci\u00f3n del arzobispo de San Salvador \u00d3scar Arnulfo Romero.<\/p>\n<p>El 2 de abril de 2000 fue ordenado obispo de Terni Narni Amelia en la catedral de San Juan de Letr\u00e1n. Desde 2002 a 2014 preside la Federaci\u00f3n B\u00edblica Cat\u00f3lica Internacional y entre 2004 y 2009 fue tambi\u00e9n presidente de la Comisi\u00f3n de Ecumenismo y Di\u00e1logo de la Conferencia Episcopal Italiana.<\/p>\n<p>Ha desempe\u00f1ado un importante papel en el di\u00e1logo entre el Vaticano y las Iglesias ortodoxas rumana y rusa y ha seguido con especial atenci\u00f3n la situaci\u00f3n balc\u00e1nica. Fue el primer sacerdote que obtuvo permiso para entrar en Albania, antes de las elecciones libres de marzo de 1991. Fue miembro de la Delegaci\u00f3n Pontificia para la primera Visita Pastoral a Albania y en esa ocasi\u00f3n logr\u00f3 la reapertura del Seminario y la devoluci\u00f3n de la Catedral de Scutari. Su trabajo ha sido especialmente intenso en las cuestiones relativas a K\u00f3sovo, logrando que se produjera el \u00fanico acuerdo entre Milosevic y Rugova para la normalizaci\u00f3n del sistema escolar-educativo en la regi\u00f3n y obteniendo la liberaci\u00f3n de Rugova durante la guerra de 1999.<\/p>\n<p>Por su compromiso con la paz, recibi\u00f3 la Medalla Gandhi de la Unesco, el Premio Madre Teresa del gobierno alban\u00e9s, el premio Ibrahim Rugova del gobierno de Kosovo y el premio &#8220;Noble Amigo&#8221; del gobierno de El Salvador.<br \/>\nHa recibido tambi\u00e9n los premios San Valent\u00edn de Oro, Premio para el di\u00e1logo de la Ciudad de Orvieto, Premio Grinzane Terra d\u2019Otranto, Premio \u201cErnest Hemingway Lignano Sabbiadoro\u201d y el Premio para el Tercer Centenario de San Danilo pr\u00edncipe de Mosc\u00fa, que le fue consignado por el Patriarca Alexis.<\/p>\n<p>Ha colaborado en la c\u00e1tedra de Historia Contempor\u00e1nea en la Sapienza de Roma y ha publicado estudios y art\u00edculos sociales y religiosos, especialmente sobre la historia de la pobreza.<\/p>\n<p>En 2005 fund\u00f3 el Festival de <a href=\"http:\/\/www.ternifilmfestival.it\">Cine de Terni<\/a>, dedicado al di\u00e1logo entre pueblos y religiones.<\/p>\n<p>El 26 de junio de 2012 el Papa Benedicto XVI le elev\u00f3 a la dignidad de arzobispo y le nombr\u00f3 presidente del Pontificio Consejo para la Familia.<\/p>\n<p>El 15 augusto 2016 a sido nombrado Presidente de la Pontificia Academia para la Vida y Gran Canciller del Pontificio Instituto Juan Pablo II para los Estudios sobre la Familia y el Matrimonio. Dej\u00f3 ambos cargos en 2025, a la edad de 80 a\u00f1os.<\/p>\n<p>El 4 octubre 2017 a sido nombrado miembro de la Congregaci\u00f2n de Propaganda Fide y\u00a0 el 11 enero 2018 miembro de la Congregaci\u00f3n para las Causas de los Santos.<\/p>\n<p>En 2020 fue nombrado por el Ministro de Sanidad del gobierno italiano Presidente de la Comisi\u00f3n para la reforma de la asistencia sanitaria y social a la poblaci\u00f3n anciana. Desde 2024 es presidente de la Fundaci\u00f3n Et\u00e0 Grande.<\/p>\n<p>&nbsp;<\/p>\n","protected":false},"excerpt":{"rendered":"<p>Naci\u00f3 en Boville Ernica (Frosinone \u2013 Italia) el 21 de abril de 1945, se licenci\u00f3 en Teolog\u00eda y en Filosof\u00eda en la Universidad Lateranense, y en Pedagog\u00eda en la Universidad de Urbino. Fue ordenado sacerdote el 15 de marzo de 1970 y desde 1981 a 2000 fue p\u00e1rroco de la Bas\u00edlica de Santa Mar\u00eda en [&hellip;]<\/p>\n","protected":false},"author":2,"featured_media":0,"parent":0,"menu_order":0,"comment_status":"open","ping_status":"closed","template":"","meta":{"footnotes":""},"class_list":["post-2774","page","type-page","status-publish","hentry"],"_links":{"self":[{"href":"https:\/\/www.vincenzopaglia.it\/index.php\/wp-json\/wp\/v2\/pages\/2774","targetHints":{"allow":["GET"]}}],"collection":[{"href":"https:\/\/www.vincenzopaglia.it\/index.php\/wp-json\/wp\/v2\/pages"}],"about":[{"href":"https:\/\/www.vincenzopaglia.it\/index.php\/wp-json\/wp\/v2\/types\/page"}],"author":[{"embeddable":true,"href":"https:\/\/www.vincenzopaglia.it\/index.php\/wp-json\/wp\/v2\/users\/2"}],"replies":[{"embeddable":true,"href":"https:\/\/www.vincenzopaglia.it\/index.php\/wp-json\/wp\/v2\/comments?post=2774"}],"version-history":[{"count":6,"href":"https:\/\/www.vincenzopaglia.it\/index.php\/wp-json\/wp\/v2\/pages\/2774\/revisions"}],"predecessor-version":[{"id":27490,"href":"https:\/\/www.vincenzopaglia.it\/index.php\/wp-json\/wp\/v2\/pages\/2774\/revisions\/27490"}],"wp:attachment":[{"href":"https:\/\/www.vincenzopaglia.it\/index.php\/wp-json\/wp\/v2\/media?parent=2774"}],"curies":[{"name":"wp","href":"https:\/\/api.w.org\/{rel}","templated":true}]}}