{"id":2755,"date":"2013-05-08T17:15:04","date_gmt":"2013-05-08T15:15:04","guid":{"rendered":"http:\/\/www.vincenzopaglia.it\/cms\/?page_id=2755"},"modified":"2025-06-13T16:18:44","modified_gmt":"2025-06-13T14:18:44","slug":"vincenzo-paglia-ita","status":"publish","type":"page","link":"https:\/\/www.vincenzopaglia.it\/index.php\/vincenzo-paglia-ita","title":{"rendered":"Vincenzo Paglia"},"content":{"rendered":"<p><a style=\"float: left; padding: 0 10px 10px 0;\" href=\"https:\/\/i0.wp.com\/www.vincenzopaglia.it\/wp-content\/uploads\/2010\/01\/DSC00818.jpg\"><img data-recalc-dims=\"1\" loading=\"lazy\" decoding=\"async\" data-attachment-id=\"16866\" data-permalink=\"https:\/\/www.vincenzopaglia.it\/index.php\/decennale-dellepiscopato.html\/decennale-dellepiscopato-2\" data-orig-file=\"https:\/\/i0.wp.com\/www.vincenzopaglia.it\/wp-content\/uploads\/2010\/01\/DSC00818.jpg?fit=270%2C360&amp;ssl=1\" data-orig-size=\"270,360\" data-comments-opened=\"1\" data-image-meta=\"{&quot;aperture&quot;:&quot;0&quot;,&quot;credit&quot;:&quot;&quot;,&quot;camera&quot;:&quot;&quot;,&quot;caption&quot;:&quot;&quot;,&quot;created_timestamp&quot;:&quot;0&quot;,&quot;copyright&quot;:&quot;&quot;,&quot;focal_length&quot;:&quot;0&quot;,&quot;iso&quot;:&quot;0&quot;,&quot;shutter_speed&quot;:&quot;0&quot;,&quot;title&quot;:&quot;&quot;}\" data-image-title=\"Decennale dell&#8217;episcopato\" data-image-description=\"\" data-image-caption=\"\" data-medium-file=\"https:\/\/i0.wp.com\/www.vincenzopaglia.it\/wp-content\/uploads\/2010\/01\/DSC00818.jpg?fit=210%2C280&amp;ssl=1\" data-large-file=\"https:\/\/i0.wp.com\/www.vincenzopaglia.it\/wp-content\/uploads\/2010\/01\/DSC00818.jpg?fit=210%2C280&amp;ssl=1\" class=\"alignnone size-medium wp-image-16866\" src=\"https:\/\/i0.wp.com\/www.vincenzopaglia.it\/wp-content\/uploads\/2010\/01\/DSC00818-225x300.jpg?resize=210%2C280\" alt=\"Decennale dell'episcopato\" width=\"210\" height=\"280\" srcset=\"https:\/\/i0.wp.com\/www.vincenzopaglia.it\/wp-content\/uploads\/2010\/01\/DSC00818.jpg?resize=225%2C300&amp;ssl=1 225w, https:\/\/i0.wp.com\/www.vincenzopaglia.it\/wp-content\/uploads\/2010\/01\/DSC00818.jpg?resize=120%2C160&amp;ssl=1 120w, https:\/\/i0.wp.com\/www.vincenzopaglia.it\/wp-content\/uploads\/2010\/01\/DSC00818.jpg?w=270&amp;ssl=1 270w\" sizes=\"auto, (max-width: 210px) 100vw, 210px\" \/><\/a><\/p>\n<p>E&#8217; nato a Boville Ernica, in provincia di Frosinone, il 21 aprile 1945. Ha frequentato il Seminario Romano e si \u00e8 laureato in teologia presso l&#8217;Universit\u00e0 Lateranense, dove ha conseguito anche la licenza in filosofia; si \u00e8 poi laureato in pedagogia presso l&#8217;universit\u00e0 di Urbino.<\/p>\n<p>E&#8217; stato ordinato sacerdote il 15 marzo 1970 incardinandosi nella diocesi di Roma, dove \u00e8 stato viceparroco a Casal Palocco dal 1970 al 1973. Successivamente \u00e8 stato rettore della Chiesa di Sant&#8217;Egidio in Trastevere.<\/p>\n<p>Dal 1981 al 2000 \u00e8 stato parroco nella Basilica di Santa Maria in Trastevere e Prefetto della terza prefettura di Roma. E&#8217; stato a lungo segretario della Commissione Presbiterale Regionale e membro della Commissione Presbiterale Italiana. E&#8217; stato inoltre nominato postulatore della causa di beatificazione del vescovo di San Salvador Oscar Arnulfo Romero.<\/p>\n<p>Il 2 aprile del 2000 \u00e8 stato ordinato vescovo di Terni Narni Amelia nella Cattedrale di San Giovanni in Laterano e ha fatto il suo ingresso in diocesi il 16 aprile.<\/p>\n<p>E&#8217; stato dal 2002 al 2014 Presidente della Federazione Biblica Cattolica Internazionale.<\/p>\n<p>Dal 2004 al 2009 \u00e8 stato Presidente della Commissione Ecumenismo e dialogo della Conferenza Episcopale Italiana e dal 2009 al 2012 \u00e8 stato Presidente della Conferenza Episcopale Umbra.<\/p>\n<p>Presso la Conferenza Episcopale Umbra \u00e8 stato anche presidente della Consulta per il problemi sociali, del lavoro, della giustizia e della pace, presidente della Commissione per i Beni Culturali e presidente della Commissione per la Cultura e le Comunicazioni Sociali.<\/p>\n<p>E&#8217; stato Assistente Ecclesiastico Generale della Comunit\u00e0 di Sant&#8217;Egidio che segue sin dall&#8217;inizio degli anni &#8217;70 ed \u00e8 presidente del Family International Monitor.<\/p>\n<p>Partecipa attivamente all&#8217;Associazione &#8220;Uomini e Religioni&#8221; della Comunit\u00e0 di Sant&#8217;Egidio che organizza incontri ecumenici e interreligiosi. Ha svolto un ruolo importante\u00a0 per l&#8217;incontro internazionale svoltosi a Bucarest, che ha permesso il viaggio del Papa in Romania, primo paese ortodosso ad essere visitato da Giovanni Paolo II, e ha operato per la visita del Patriarca Teoctist a Roma. Ha inoltre favorito il conferimento della Laurea Honoris causa al Metropolita Kirill, responsabile del Dipartimento per gli affari esteri della Chiesa Ortodossa Russa, divenuto successivamente Patriarca di Mosca.<\/p>\n<p>Ha seguito con particolare cura la situazione balcanica. E&#8217; stato il primo prete che ha avuto il permesso di entrare in Albania prima ancora delle prime elezioni libere del marzo 1991 e membro della Delegazione Pontificia per la prima Visita Pastorale in Albania e in questa veste ha ottenuto la riapertura del Seminario e la riconsegna della Cattedrale di Scutari, che ha provveduto a restaurare e ripristinare al culto; ha inoltre avviato le relazioni diplomatiche tra Albania e Santa Sede. La sua azione \u00e8 stata particolarmente impegnativa per le questioni relative al Kosovo. E&#8217; riuscito a realizzare l&#8217;unico accordo tra Milosevic e Rugova per la normalizzazione del sistema scolastico-educativo nella regione. Ha ottenuto, inoltre, il rilascio di Rugova in Occidente durante la guerra del 1999.<\/p>\n<p>Per il suo impegno per la pace ha ricevuto la Medaglia Gandhi dell&#8217;Unesco,\u00a0 il Premio Madre Teresa dal governo albanese, il premio Ibrahim Rugova dal governo del Kosovo e\u00a0l&#8217;onorificenza &#8220;Noble Amigo&#8221; dal governo di El Salvador.<\/p>\n<p>E&#8217; stato insignito inoltre nel 2004 del San Valentino d&#8217;Oro, nel 2005 del Premio per il dialogo Citt\u00e0 di Orvieto e nel 2006 del Premio Grinzane Terra d&#8217;Otranto e il \u201cIII centenario di San Danilo principe di Mosca&#8221; consegnatogli dal Patriarca Alessio, mentre nel 2010 ha ricevuto il premio &#8220;Ernest Hemingway Lignano Sabbiadoro&#8221;.<\/p>\n<p>Iscritto all&#8217;Ordine dei giornalisti del Lazio, collabora con riviste, giornali e programmi radiofonici e televisivi.<\/p>\n<p>Ha collaborato alla cattedra di Storia Contemporanea alla Sapienza di Roma e ha pubblicato studi e articoli sulla storia sociale e religiosa nonch\u00e9 sulla storia della povert\u00e0. Significativi sono i suoi studi sul dialogo tra credenti e laici. Numerosi sono, inoltre, i volumi di carattere religioso-pastorale.<\/p>\n<p>Alla Presidenza della Conferenza Episcopale Umbria ha promosso il Fondo di Solidariet\u00e0, iniziativa volta a raccogliere fondi per sostenere famiglie particolarmente colpite dalla recente crisi economica.<\/p>\n<p>A Terni ha pubblicato e distribuito gratuitamente i testi commentati dei quattro Vangeli, gli Atti degli Apostoli e le Lettere Cattoliche e\u00a0promosso con energia una rinnovata stagione di committenza per la realizzazione di opere di Arte Sacra Contemporanea<\/p>\n<p>Come successore di San Valentino ha promosso in tutta Italia la Festa della Promessa, celebrazione che si svolge intorno al 14 Febbraio ed dedicata alle coppie di fidanzati che celebreranno il matrimonio entro l&#8217;anno e che nel 2014 ha portato anche in Piazza San Pietro con papa Francesco.<\/p>\n<p>Nel 2005 ha fondato il Terni Film Festival, divenuto una delle pi\u00f9 importanti realt\u00e0 cinematografiche al mondo dedicate al dialogo interreligioso, che ha ottenuto la Medaglia del Presidente della Repubblica, assegna il premio Fuoricampo insieme ai festival Tertio Millenio e Religion Today ed \u00e8 tra i promotori della Tavola internazionale dei festival del cinema spirituale.<\/p>\n<p>Il 26 giugno 2012 papa Benedetto XVI lo ha elevato alla dignit\u00e0 di arcivescovo e lo ha nominato presidente del Pontificio Consiglio per la Famiglia.<\/p>\n<p>Il 15 agosto 2016, contestualmente all&#8217;accorpamento del Pontificio Consiglio per la famiglia al nuovo dicastero per i Laici, la famiglia e la vita, papa Francesco lo ha nominato Presidente della Pontificia Accademia per la Vita e Gran Cancelliere del Pontificio Istituto Giovanni Paolo II per le scienze del matrimonio e della famiglia, incarichi che ha ricoperto fino al compimento degli 80 anni, nel 2025.<\/p>\n<p>Il 4 ottobre 2017 \u00e8 stato nominato membro della Congregazione per l&#8217;Evangelizzazione dei Popoli e l&#8217;11\u00a0 gennaio 2018 membro della Congregazione per le cause dei santi.<\/p>\n<p>Con\u00a0 la Pontificia Accademia per la vita \u00e8 stato promotore, nel febbraio 2020, della <a href=\"https:\/\/romecall.org\/\"><em>Rome Call\u00a0<\/em><\/a>che propone un&#8217;etica della robotica e dell&#8217;intelligenza artificiale.<\/p>\n<p>Nel 2020 \u00e8 stato nominato dal Ministro della sanit\u00e0 del governo italiano presidente della Commissione per la riforma dell\u2019assistenza sanitaria e sociosanitaria della popolazione anziana.<\/p>\n<p>Dal 2024 \u00e8 presidente della <strong><a href=\"https:\/\/www.fondazioneetagrande.it\/vincenzo-paglia\/\">Fondazione Et\u00e0 Grande.\u00a0<\/a><\/strong><\/p>\n","protected":false},"excerpt":{"rendered":"<p>E&#8217; nato a Boville Ernica, in provincia di Frosinone, il 21 aprile 1945. Ha frequentato il Seminario Romano e si \u00e8 laureato in teologia presso l&#8217;Universit\u00e0 Lateranense, dove ha conseguito anche la licenza in filosofia; si \u00e8 poi laureato in pedagogia presso l&#8217;universit\u00e0 di Urbino. E&#8217; stato ordinato sacerdote il 15 marzo 1970 incardinandosi nella [&hellip;]<\/p>\n","protected":false},"author":2,"featured_media":0,"parent":0,"menu_order":0,"comment_status":"open","ping_status":"closed","template":"","meta":{"footnotes":""},"class_list":["post-2755","page","type-page","status-publish","hentry"],"jetpack_sharing_enabled":true,"jetpack_shortlink":"https:\/\/wp.me\/P5mkxU-Ir","_links":{"self":[{"href":"https:\/\/www.vincenzopaglia.it\/index.php\/wp-json\/wp\/v2\/pages\/2755","targetHints":{"allow":["GET"]}}],"collection":[{"href":"https:\/\/www.vincenzopaglia.it\/index.php\/wp-json\/wp\/v2\/pages"}],"about":[{"href":"https:\/\/www.vincenzopaglia.it\/index.php\/wp-json\/wp\/v2\/types\/page"}],"author":[{"embeddable":true,"href":"https:\/\/www.vincenzopaglia.it\/index.php\/wp-json\/wp\/v2\/users\/2"}],"replies":[{"embeddable":true,"href":"https:\/\/www.vincenzopaglia.it\/index.php\/wp-json\/wp\/v2\/comments?post=2755"}],"version-history":[{"count":8,"href":"https:\/\/www.vincenzopaglia.it\/index.php\/wp-json\/wp\/v2\/pages\/2755\/revisions"}],"predecessor-version":[{"id":27489,"href":"https:\/\/www.vincenzopaglia.it\/index.php\/wp-json\/wp\/v2\/pages\/2755\/revisions\/27489"}],"wp:attachment":[{"href":"https:\/\/www.vincenzopaglia.it\/index.php\/wp-json\/wp\/v2\/media?parent=2755"}],"curies":[{"name":"wp","href":"https:\/\/api.w.org\/{rel}","templated":true}]}}